+ 12. Let x be l(-10). Suppose -2*v + 23 = -3*r, 2*r + v + 15 = x*v. What are the prime factors of n(r)?
2, 5
Suppose 3*i = -11*i + 756. What are the prime factors of i?
2, 3
Suppose -4*i - 16 = -4*w, 4*w - i - 2*i - 12 = 0. Suppose -g + 75 - 10 = w. List the prime factors of g.
5, 13
Suppose 4*f = 5*r - 25566, 2*r + f - 2771 = 7445. What are the prime factors of r/21 - (4/3 - 1)?
3
Suppose 3*s = -4*z - 286, -2*s - 151 = 2*z + 41. Let y = 39 + s. Let f = -10 - y. List the prime factors of f.
7
Suppose 32 = 5*g + 3*l, g + 16 = 2*l + 3*l. Let h be g/(-18) + 11516/(-18). What are the prime factors of 2/(-7) - h/35?
2, 3
Suppose -d - 2*d + 4809 = -h, -d + 1603 = -2*h. Suppose -d = -5*m - 473. List the prime factors of m.
2, 113
Suppose -3*h - 49 = -1234. Suppose 0 = 3*k + 5*m - m - h, 2*m - 397 = -3*k. What are the prime factors of k?
7, 19
Let c(h) be the first derivative of h**4/4 + 10*h**3/3 + 7*h**2/2 - 12*h - 106. Let d be (-2*1)/((-4)/(-18)). What are the prime factors of c(d)?
2, 3
Let v(d) = -d**2 + 5*d. Let u be v(4). Let m(q) = q**2 + 5*q - 6. Let j be m(-7). Let a = j - u. List the prime factors of a.
2
Suppose 0 = 9*b - 6*b - 2*g - 4967, 5*b = g + 8290. Suppose 0*r - b = -7*r. List the prime factors of r.
3, 79
Suppose 0 = -g - 13. Let q be (2 - 8)/(-2) + g. What are the prime factors of (-1323)/(-35) - (-8)/q?
37
Let l = 147 + -144. Suppose -3*t - 2*t - 3*f = -445, -t + 89 = -l*f. List the prime factors of t.
89
Suppose -3*c - 5*d = -46, 0 = -4*c + 2*c - d + 19. Let h(k) = -2*k**3 + 17*k**2 - 4*k - 15. What are the prime factors of h(c)?
2, 13
Let j be ((-9)/(-2) - 1)*12. Let x be 14/j + 2/(-6). Suppose 10*g - g - 333 = x. What are the prime factors of g?
37
Suppose 41*d - 64505 - 157674 = 0. What are the prime factors of d?
5419
Let o = 583 - 365. What are the prime factors of o?
2, 109
Let r = -6 + 5. Let a be (-1 - -4) + 9 + r. Let h = 13 - a. What are the prime factors of h?
2
Suppose 7*o + 22 + 27 = 0. What are the prime factors of (-631)/(-5) + o/35?
2, 3, 7
Let q(l) = -l**3 - 74*l**2 - 54*l - 110. What are the prime factors of q(-74)?
2, 29, 67
Suppose 3*j - 1387 = 2*m, 4*m + 545 + 369 = 2*j. Let d = 310 - j. What are the prime factors of (d/(-20))/((-1)/(-4))?
31
Suppose 5*q = -5, b - 6*q - 94 = -2*q. Let a = -34 + b. List the prime factors of a.
2, 7
Let a(l) = 11*l**3 + 3 - 15*l**3 - 29*l**2 + l**2 + 12*l. Let w(x) = x**3 + 9*x**2 - 4*x - 1. Let z(n) = 2*a(n) + 7*w(n). What are the prime factors of z(4)?
31
Let p be (3/(-6))/((-1)/2)*5. Suppose 0 = -3*i - 4*m + 223, 4*i - p*i + 71 = -2*m. List the prime factors of i.
73
Let a(p) = 6*p + 10. Let w be 15*(28/6 - 4). What are the prime factors of a(w)?
2, 5, 7
Let j = 349 - 151. Suppose 0 = -6*o - j + 804. List the prime factors of o.
101
Suppose -27*n - 5954 = -27554. What are the prime factors of n?
2, 5
Let c(u) = -35*u - 7. Let x(q) = q. Let n(i) = -c(i) - 6*x(i). List the prime factors of n(4).
3, 41
Let l(k) = -4*k + 91. Let j be l(22). Suppose j*a - 630 = -g - 4*g, -3*a = 4*g - 507. What are the prime factors of g?
3, 41
Let i(w) be the third derivative of w**4/24 + 2*w**3/3 - w**2. Let q be i(0). Suppose -2*r = -2*y - 6, r = 4*y - q + 7. What are the prime factors of r?
3
Let h(c) = -7*c**2 - 6*c + 10. Let i(l) = 13*l**2 + 13*l - 19. Let j(g) = -9*h(g) - 4*i(g). What are the prime factors of j(-4)?
2, 7, 11
List the prime factors of 5596/(-5)*90/(-36).
2, 1399
Suppose 5*q - 6 = -3*p + 1, -p = -2*q - 6. What are the prime factors of ((-42)/p)/(3/(-8))?
2, 7
Suppose 4*d - 15 = 9*d. List the prime factors of (0 + 348)/2 + d.
3, 19
Let n(z) = -z**3 + z**2 + 2*z - 2. Let j be n(1). Suppose j = -2*p - 2*d + 108, -p - 4*d + 110 = p. List the prime factors of p.
53
Suppose -3*a + 21 = -3*d, -5*d + 17 = 5*a + 2. Suppose -5*p + a*z = -325, 5*p - z - 334 = z. What are the prime factors of p?
2, 17
Suppose -72*v + 81*v - 26757 = 0. What are the prime factors of v?
3, 991
Let f(l) = 151*l**2 - 12*l + 25. List the prime factors of f(2).
5, 11
Let l = 164 + 1055. List the prime factors of l.
23, 53
Let s be 179*2/(8/4). List the prime factors of s/(-3)*(-11 - -8).
179
Let j(v) = -v**3 + 3*v**2 + 5*v - 2. Let t be j(4). Suppose w - x - 16 = -2*w, w - 2*x = t. What are the prime factors of w?
2, 3
Let x(g) be the second derivative of -g**3/2 - 10*g**2 + 3*g. Let q be x(-8). Suppose 0*m - 5*v = -2*m + 74, -16 = q*v. What are the prime factors of m?
3
Suppose 2*r + 3*k = 5*r - 1035, k = 5. Let x = r + -227. List the prime factors of x.
3, 41
Suppose -46*a = -41*a - 70. Let c be 4*(2/(-4) - -1). Let d = a - c. What are the prime factors of d?
2, 3
Let j = -83 - -217. Let u = j + -49. What are the prime factors of u?
5, 17
Suppose -2*v = -4*v + 10. Suppose 5*u + 3 = 4*r + 82, -v = 5*r. List the prime factors of 13*u*4/12.
5, 13
List the prime factors of 7/(35/95)*4.
2, 19
Suppose 2*q - 3*j = -3*q + 87, 5*q = -4*j + 94. Let l = q + -20. List the prime factors of 1/l + 94/4.
23
Let i = 25 + -11. List the prime factors of 5*i + (-7 - -5).
2, 17
Let r = -1384 + 1688. List the prime factors of r.
2, 19
Let y = 8 - 13. Let g be (2/(-5))/(1/y). Suppose 60 = -g*o + 4*o. List the prime factors of o.
2, 3, 5
Suppose -2*x = -5*q + 2*q + 3383, 0 = 2*q + 4*x - 2282. List the prime factors of q.
3, 13, 29
Let r(y) = 42*y - 78*y + 42*y. Suppose -3*c + 6 + 9 = 0. What are the prime factors of r(c)?
2, 3, 5
Let q be ((-6)/4 + 0)*-10. Let x be 2/q*5*57. Let t = x - -21. List the prime factors of t.
59
Let b = 1318 - 586. List the prime factors of b.
2, 3, 61
Suppose 5*a - 65 = 3*l + 2*l, -31 = -3*a - l. Let q(k) = a - 11 - k**2 + 6*k + 5*k**2. What are the prime factors of q(-4)?
2, 5
Suppose -2*s - 14*s = -5968. List the prime factors of s.
373
Suppose 90 = 2*k - 464. Let j = k + -176. What are the prime factors of j?
101
Let j(x) be the third derivative of 7*x**2 + 7/24*x**4 - 7/6*x**3 + 1/30*x**5 + 0*x + 0. What are the prime factors of j(-6)?
23
Let r = 43 - 39. Suppose 2*i = 2, -5*c + 2*i = -3*i - 340. Suppose g + 2*m = m + c, -r*m = -4. List the prime factors of g.
2, 17
Let b(q) = 417*q**2 + 2*q + 1. Let n be b(-1). Suppose 0 = -3*t + x + n, 8*x - 3*x - 249 = -2*t. What are the prime factors of t?
137
Suppose -3*i + 0*i - 51 = 5*p, -66 = 5*i + 2*p. List the prime factors of ((-48)/(-9))/(i/9 - -2).
2
Let d = 27 + -27. Suppose d = g - 3*g + 474. What are the prime factors of g?
3, 79
Let u(m) = -m**3 + 12*m**2 + 12*m + 15. Let q be u(13). Suppose q*d + 60 = 7*d. Suppose 8 = 4*b + 3*x - 6, x = 2*b - d. What are the prime factors of b?
5
Suppose 4*i - 13 = -33. Let h = 7 + i. Suppose -h*q = 3*q - 150. List the prime factors of q.
2, 3, 5
What are the prime factors of ((-1710)/60)/((-3)/4)?
2, 19
Suppose 5*z - 17 = 7*o - 3*o, 9 = 3*z - 2*o. List the prime factors of 2 + 247 + (2 - z).
2, 5
Let q be 1*((-6)/(-4) + (-78)/4). Let g(u) be the third derivative of -u**4/24 - 3*u**3/2 - 6*u**2. List the prime factors of g(q).
3
Let s = -292 + 538. What are the prime factors of s?
2, 3, 41
Suppose 55 = -12*y + 727. Suppose -4*n = -6*n + y. What are the prime factors of n?
2, 7
Let i = -541 - -614. List the prime factors of i.
73
Suppose 47*d - 8*d - 51129 = 0. What are the prime factors of d?
3, 19, 23
Let y(k) be the first derivative of -k**4/4 - 14*k**3/3 - 13*k**2/2 + 9*k + 1. Suppose x = 5*x + 5*m + 57, 3*m = 2*x + 23. What are the prime factors of y(x)?
3
Let b = 22 - 17. What are the prime factors of 41 - (b + 0)*(-26)/(-65)?
3, 13
Let t = 108 - 97. List the prime factors of -1 - (36*t)/(-4).
2, 7
Let z be (6 - 3) + 47 + 4. Suppose -z*p - 187 = -55*p. List the prime factors of p.
11, 17
Suppose 10*b - 85 + 5 = 0. Let s be (24/20)/((-3)/(-10)). What are the prime factors of 2/b + 71/s?
2, 3
Let f be (-3)/6*(3 + -1). Let j(c) = 154*c**3 + 3*c - 2 + c**2 + 3 - 161*c**3. List the prime factors of j(f).
2, 3
Suppose 20 = s - 5*d, 2*d - 4*d + 2 = 0. What are the prime factors of (90/(-25))/((-1)/s)?
2, 3, 5
Let s = 3 + 12. Suppose -2*n + 2*r - 5*r - 249 = 0, 0 = 3*r - s. List the prime factors of -2 + 1 - n/4.
2
Suppose -2*z + 4*y = 3*z + 22, 3*z = 5*y - 8. Let i be 2 - -5 - z/(-2). Suppose 90 = 5*w - 3*s - 220, -i*s = 2*w - 98. List the prime factors of w.
59
Let m(w) = -4*w**2 + 5*w - 9*w**2 + 16*w**2. Lis